49?
3, 827161
List the prime factors of 16135472.
2, 1008467
List the prime factors of 3199643.
3199643
What are the prime factors of 2735272?
2, 181, 1889
List the prime factors of 876626.
2, 438313
What are the prime factors of 7830253?
1151, 6803
List the prime factors of 165724.
2, 13, 3187
List the prime factors of 844159.
233, 3623
List the prime factors of 467826.
2, 3, 103, 757
What are the prime factors of 1489010?
2, 5, 61, 2441
What are the prime factors of 237828?
2, 3, 19819
What are the prime factors of 687226?
2, 43, 61, 131
List the prime factors of 2322980.
2, 5, 11, 10559
What are the prime factors of 186574?
2, 93287
List the prime factors of 313818.
2, 3, 193, 271
What are the prime factors of 27571368?
2, 3, 11, 181, 577
What are the prime factors of 12318517?
19, 648343
List the prime factors of 5826935.
5, 23, 2203
What are the prime factors of 773219?
41, 18859
What are the prime factors of 258232?
2, 13, 191
What are the prime factors of 922777?
17, 31, 103
List the prime factors of 2151638.
2, 67, 16057
List the prime factors of 205446.
2, 3, 97, 353
What are the prime factors of 24268681?
19, 1277299
List the prime factors of 297498.
2, 3, 179, 277
List the prime factors of 98865.
3, 5, 13
What are the prime factors of 234621?
3, 131, 199
What are the prime factors of 1639832?
2, 204979
List the prime factors of 96506.
2, 73, 661
List the prime factors of 3803385.
3, 5, 227, 1117
List the prime factors of 10499.
10499
List the prime factors of 21883564.
2, 607, 9013
List the prime factors of 934546.
2, 37, 73, 173
What are the prime factors of 217876?
2, 54469
What are the prime factors of 121308?
2, 3, 11, 919
What are the prime factors of 89708?
2, 41, 547
List the prime factors of 696419.
113, 6163
List the prime factors of 98466.
2, 3, 16411
What are the prime factors of 9399745?
5, 1879949
List the prime factors of 344509.
11, 31319
List the prime factors of 45501.
3, 29, 523
What are the prime factors of 1988853?
3, 662951
List the prime factors of 341079.
3, 41, 47, 59
List the prime factors of 1060910.
2, 5, 277, 383
What are the prime factors of 3195078?
2, 3, 19, 28027
What are the prime factors of 250927?
59, 4253
What are the prime factors of 2120185?
5, 424037
List the prime factors of 3960661.
541, 7321
What are the prime factors of 3701250?
2, 3, 5, 7, 47
List the prime factors of 1876512.
2, 3, 11, 1777
What are the prime factors of 66049?
257
What are the prime factors of 731138?
2, 365569
What are the prime factors of 31147?
31147
What are the prime factors of 4153272?
2, 3, 173053
List the prime factors of 849485.
5, 7, 13, 1867
What are the prime factors of 31614908?
2, 13, 181, 3359
List the prime factors of 2206787.
11, 17, 11801
List the prime factors of 395508.
2, 3, 23, 1433
What are the prime factors of 1204885?
5, 11, 19, 1153
What are the prime factors of 487726?
2, 243863
What are the prime factors of 1654567?
1654567
List the prime factors of 35922924.
2, 3, 31, 32189
What are the prime factors of 1294412?
2, 7, 46229
List the prime factors of 141381.
3, 23, 683
What are the prime factors of 184928?
2, 5779
What are the prime factors of 902496?
2, 3, 7, 17, 79
List the prime factors of 5402009.
67, 80627
List the prime factors of 694432.
2, 21701
List the prime factors of 4127359.
4127359
List the prime factors of 239469.
3, 79823
List the prime factors of 28377970.
2, 5, 101, 28097
List the prime factors of 158776.
2, 89, 223
List the prime factors of 5487281.
107, 51283
What are the prime factors of 1674206?
2, 61, 13723
What are the prime factors of 1605836?
2, 233, 1723
What are the prime factors of 4374768?
2, 3, 91141
What are the prime factors of 2912724?
2, 3, 80909
List the prime factors of 846709.
59, 113, 127
What are the prime factors of 113131?
113131
List the prime factors of 2173547.
67, 32441
What are the prime factors of 257429?
127, 2027
List the prime factors of 9748045.
5, 19, 102611
List the prime factors of 221123.
7, 31, 1019
List the prime factors of 553187.
37, 14951
What are the prime factors of 877722?
2, 3, 241, 607
List the prime factors of 379545.
3, 5, 25303
List the prime factors of 1199083.
1199083
What are the prime factors of 18763?
29, 647
What are the prime factors of 4269328?
2, 7, 38119
List the prime factors of 3524607.
3, 31, 4211
What are the prime factors of 9718392?
2, 3, 307, 1319
List the prime factors of 836333.
89, 9397
What are the prime factors of 492742?
2, 246371
What are the prime factors of 7165249?
7, 13, 71, 1109
What are the prime factors of 1635615?
3, 5, 19, 1913
List the prime factors of 156972.
2, 3, 103, 127
What are the prime factors of 1045631?
43, 24317
List the prime factors of 29782.
2, 14891
What are the prime factors of 220107?
3, 73369
What are the prime factors of 3525494?
2, 7, 17, 14813
List the prime factors of 67245.
3, 5, 4483
List the prime factors of 223128.
2, 3, 1033
List the prime factors of 156535.
5, 31307
List the prime factors of 745596.
2, 3, 139, 149
What are the prime factors of 263216?
2, 16451
What are the prime factors of 1661788?
2, 415447
What are the prime factors of 2258186?
2, 7, 23, 7013
List the prime factors of 840258.
2, 3, 46681
What are the prime factors of 8684599?
7, 11, 112787
List the prime factors of 8441018.
2, 4220509
What are the prime factors of 312335?
5, 62467
What are the prime factors of 1543307?
37, 53, 787
What are the prime factors of 1221066?
2, 3, 7, 11, 881
What are the prime factors of 3255604?
2, 11, 23, 3217
List the prime factors of 449603.
7, 11, 5839
List the prime factors of 21323513.
21323513
List the prime factors of 176870.
2, 5, 23, 769
What are the prime factors of 795784?
2, 11, 9043
List the prime factors of 20309925.
3, 5, 270799
List the prime factors of 12666988.
2, 3166747
What are the prime factors of 7376294?
2, 19, 194113
List the prime factors of 173054.
2, 7, 47, 263
What are the prime factors of 678251?
7, 96893
What are the prime factors of 25541250?
2, 3, 5, 7, 139
What are the prime factors of 9088781?
13, 43, 71, 229
List the prime factors of 7896142.
2, 3948071
What are the prime factors of 23723387?
97, 199, 1229
List the prime factors of 198625.
5, 7, 227
List the prime factors of 10979298.
2, 3, 11, 71
List the prime factors of 342886.
2, 173, 991
List the prime factors of 24282399.
3, 19, 426007
What are the prime factors of 1818003?
3, 11, 89, 619
What are the prime factors of 149386?
2, 113, 661
List the prime factors of 10949390.
2, 5, 1094939
List the prime factors of 1687673.
13, 131, 991
List the prime factors of 160664.
2, 7, 19, 151
List the prime factors of 750765.
3, 5, 50051
List the prime factors of 622439.
337, 1847
What are the prime factors of 3195931?
197, 16223
What are the prime factors of 3586050?
2, 3, 5, 13, 613
What are the prime factors of 602200?
2, 5, 3011
What are the prime factors of 479402?
2, 7, 11, 283
List the prime factors of 3102292.
2, 775573
List the prime factors of 1104827.
41, 26947
List the prime factors of 436928.
2, 6827
List the prime factors of 582284.
2, 17, 8563
List the prime factors of 15390436.
2, 67, 57427
What are the prime factors of 3567651?
3, 37, 32141
What are the prime factors of 689390?
2, 5, 13, 5303
List the prime factors of 6006980.
2, 5, 7, 107, 401
List the prime factors of 622451.
37, 16823
What are the prime factors of 2769482?
2, 1384741
List the prime factors of 3214943.
647, 4969
List the prime factors of 2370849.
3, 13, 31, 37, 53
List the prime factors of 49147.
7, 17, 59
List the prime factors of 768950.
2, 5, 7, 13
List the prime factors of 604001.
604001
List the prime factors of 441605.
5, 88321
What are the prime factors of 315853?
257, 1229
What are the prime factors of 30022493?
17, 929, 1901
List the prime factors of 451114.
2, 59, 3823
What are the prime factors of 8821230?
2, 3, 5, 11, 26731
What are the prime factors of 4034316?
2, 3, 11, 13, 2351
What are the prime factors of 7278052?
2, 1819513
List the prime factors of 20650656.
2, 3, 13, 16547
What are the prime factors of 8665378?
2, 67, 64667
List the prime factors of 906695.
5, 17, 10667
List the prime factors of 3816860.
2, 5, 190843
What are the prime factors of 2415089?
1319, 1831
List the pri